et g = 3594 - 1166. What is the tens digit of g?
2
What is the hundreds digit of (0 - -1) + ((-2872)/(-8) - 8)?
3
Suppose 2*f - 20 = -2*f. Suppose 2*r + 14 = f*i, 5*r - 5*i + 28 = r. Let t = r + 24. What is the units digit of t?
7
Suppose -2*a + 23 = -5. Suppose 5*b - 39 = -a. Suppose v + 5*d + 6 = 0, b*d + 37 - 4 = 2*v. What is the units digit of v?
9
Suppose 0 = -5*v + 40 + 385. Suppose f + 5*s + 21 - v = 0, 4*s + 82 = f. What is the tens digit of f?
7
Let p be 105/(-10)*8/(-3). What is the tens digit of 12/(-21) - (-1248)/p?
4
Let r(q) = q**3 - 8*q**2 + 11*q - 10. Let h(u) = u + 19. Let i be h(-11). What is the tens digit of r(i)?
7
Let l = 1059 - 938. What is the hundreds digit of l?
1
Let b = 2020 - 1264. What is the tens digit of b?
5
Suppose 2*d - 137 = -0*d - 5*x, 4*d - 334 = 2*x. Let m = -58 + d. Suppose -13 = -4*q + m. What is the units digit of q?
9
Suppose -2*i = -52*a + 50*a + 282, -3*a + 430 = 4*i. What is the units digit of a?
2
What is the units digit of 832/96*(-9)/(-2)?
9
Let j = -7 + 13. Let w be (-2)/(((-3)/j)/(-1)). Let o(v) = 2*v**2 - 3*v + 5. What is the tens digit of o(w)?
4
Suppose 24*h + 2714 = 71666. What is the units digit of h?
3
Let a(y) = 9*y**2 + 45*y - 4. What is the hundreds digit of a(5)?
4
Let q(l) = 850*l**2 + 10*l - 10. What is the tens digit of q(1)?
5
What is the tens digit of (-6)/8 + (-2159)/(-68)?
3
Let v(a) = -3*a**3 + 4*a**2 - 2*a - 7. What is the hundreds digit of v(-3)?
1
Let g = 18 - -33. Suppose -3*i = -183 + g. Suppose -i - 4 = -2*m. What is the units digit of m?
4
Let f = -210 - -235. What is the units digit of f?
5
Let s = 3368 - 2067. Suppose h + 4*h - s = 3*a, 2*a + 522 = 2*h. What is the units digit of h?
9
Suppose -16 = 21*j - 25*j. Suppose 4*w - j = 0, -10 = -3*s + 3*w - 4*w. Suppose s*v - v - 116 = 0. What is the units digit of v?
8
Suppose 0 = -3*r - 3*n + 7065, 0 = -2*r + 44*n - 48*n + 4718. What is the hundreds digit of r?
3
What is the tens digit of 10616/30 + 30/225?
5
Let b be (-3 + 0)*(-1826)/(-33). Let y = 288 + b. Suppose -2*o = -y + 4. What is the units digit of o?
9
Suppose -z = -2*s - 48 - 175, -4*s + 3*z - 449 = 0. What is the hundreds digit of (-25*3)/(33/s)?
2
Let a(v) = 2*v - 24. Let g be a(-10). Let r = 21 + g. Let q = r - -50. What is the tens digit of q?
2
Let q(v) = -v**2 - 13*v - 18. Let t be q(-12). What is the tens digit of (4/t)/((-8)/936)?
7
Let v(c) = c**3 - 6*c**2 - 4*c - 8. Let u(d) = d**3 - 5*d**2 + 1. Let m be u(4). Let l = -8 - m. What is the tens digit of v(l)?
1
Let k(c) = -130*c**3 - 18*c**2 + 2*c - 4. What is the thousands digit of k(-3)?
3
Let n = -95 + 611. What is the units digit of n?
6
Let m(p) = p**3 + 5*p**2 - 7*p - 2. Let c be m(-6). Suppose -c*r + 190 = r. What is the tens digit of r?
3
Let c(o) = 2*o + 3. Let s be c(0). Suppose -5*b - 4*f = -490, -5*f + 162 = s*b - 132. What is the tens digit of b?
9
Suppose 3*i - 2382 = -3*q, 5*i - 2*q = 1261 + 2674. What is the tens digit of i?
8
Suppose 5*x + 16 = -14. Let u be 1 + (x/(-2) - -1). Suppose u*y + 62 = 7*y. What is the units digit of y?
1
Let p = 61 + -49. What is the units digit of (p/(-8))/(3/(-214))?
7
Let k(m) = m**3 + 16*m**2 + 13*m + 10. Suppose 3*x = -15, -x - 17 = -2*s - 42. Let q be k(s). Suppose -g = g - q. What is the tens digit of g?
2
Let z(p) = -p + 21. Let d = 9 + -9. Let l = d - -8. What is the tens digit of z(l)?
1
Let y be -3 - (0 + (-8 - 1)). Suppose -y*h - 215 = -53. Let t = -23 - h. What is the units digit of t?
4
Let i(a) = 4*a + 10. Let c be i(-4). Let j(z) = -z**2 - 6*z + 2. Let o be j(c). Suppose -o*q - 2*n + 35 = -29, -2*q + 68 = 3*n. What is the units digit of q?
8
Let k = -322 - -404. What is the tens digit of k?
8
Suppose 0 = -n - 0*n + 2. Suppose 7*j - 6*j = n. Let s(w) = 3*w**2 - w - 3. What is the units digit of s(j)?
7
Let v be 76/57 - (-2)/(-6). What is the units digit of 136/(-8)*(v - 6)?
5
Suppose m = -5*z + 139, -2*z - 88 = -6*z + 5*m. Let r = z + 3. What is the units digit of r?
0
Let c = 62 - -39. Let h = c + -43. What is the units digit of h?
8
Let z be (3 + (-20)/8)*4. Suppose 6 = p + z*p. Suppose -3*b + 0*x - p*x = -17, -28 = -5*b - 3*x. What is the units digit of b?
5
Let f = -2044 - -3108. What is the hundreds digit of f?
0
Suppose 3*n + 6 = -0, -3*n + 3334 = 5*u. What is the hundreds digit of u?
6
Let a(q) = -2 - q**3 + 0*q**2 - 2*q**2 - 3*q**3 + q + 13*q**3. Let l be a(2). Suppose 3*o - l = d, -4*o + 2*d + 32 = -54. What is the units digit of o?
1
Suppose -3*c - 2*o + 565 = 0, 0*c + o - 951 = -5*c. Suppose -740 = -3*a - c. What is the tens digit of a?
8
Let a(c) = c**3 + 3*c**2 - 4*c + 1. Let h(y) = -y**3 - 11*y**2 + 11*y - 9. Let w be h(-12). Suppose 27*o - w = 26*o. What is the tens digit of a(o)?
4
Let c = 13 + -19. Let x = 15 - c. What is the units digit of x?
1
Let b(z) = 9*z**2 - 3*z**2 + 5*z - 7 - z**3 + 1. Let d be (-1)/((-4)/(-3))*4*-2. What is the tens digit of b(d)?
2
What is the tens digit of (-2)/4 + 4/((-8)/(-5959))?
7
Let q(w) = -3*w**3 + 10*w**2 + 9*w + 12. What is the tens digit of q(-6)?
6
Let p(u) = -40*u**2 + 2*u + 1. Let a(d) = -d**2 + 1. Let v(j) = -2*a(j) + p(j). Let h be v(1). Let y = -9 - h. What is the tens digit of y?
2
Let b(r) be the third derivative of r**5/30 - 11*r**4/24 - 7*r**3/6 - 14*r**2. Let g be b(8). Suppose -2 = z - g. What is the tens digit of z?
3
Let p be ((-4)/6)/(10/75). Let b = 52 + p. Suppose -31 - b = -2*y. What is the tens digit of y?
3
Let o(q) be the second derivative of -19*q**3 - 10*q. Let a be o(-1). Let i = a + -70. What is the units digit of i?
4
Let d(i) = 2*i**3 + 54*i**2 + 35*i - 3. What is the tens digit of d(-26)?
3
Suppose 0 = -5*z - 6382 + 17312. What is the tens digit of z?
8
Let k = 7965 - 1404. What is the thousands digit of k?
6
Let i(z) be the second derivative of -9*z**3/2 - 19*z**2/2 - 12*z. What is the tens digit of i(-11)?
7
Let u(w) = 93*w**2 - 14*w - 40. What is the thousands digit of u(-4)?
1
Let n = 41 + -20. Suppose -26 = n*c - 22*c. What is the tens digit of c?
2
Suppose 0 = -2*u - 8*x + 3*x + 4847, 0 = -5*u + 4*x + 12200. What is the units digit of u?
6
Let h(y) be the second derivative of y**5/60 + 2*y**4/3 + 19*y**3/6 - 6*y**2 + 5*y. Let m(c) be the first derivative of h(c). What is the units digit of m(-15)?
4
Let j = -18 + 4. Let v(c) = -3*c**2 - 40*c - 11. Let d(m) = -m**2 - 13*m - 4. Let i(n) = -11*d(n) + 4*v(n). What is the units digit of i(j)?
2
Suppose u = -4*g + 8, 0*g = 3*u - 2*g + 18. Let f = 5 + 19. Let p = f - u. What is the tens digit of p?
2
Let n(m) = m**3 - 7*m**2 + 6*m + 12. Suppose 32 - 8 = 4*w. Let p be n(w). Suppose -36 - p = -3*o. What is the tens digit of o?
1
Let a = -1 - -3. Suppose -a*r - l = -0*l - 93, -2*l + 45 = r. What is the tens digit of r?
4
Suppose 5*u - 27040 = -5*z, -40*u + 39*u + 27056 = 5*z. What is the units digit of z?
2
Suppose -2*l = 4*m - 910, -4*m + 0*m = -3*l + 1335. What is the tens digit of l?
4
Let g be -3 + 145 - (-1 + 3). Suppose -6*m + 7*m = 0. Suppose g = 4*h - m*h. What is the units digit of h?
5
Suppose 68 = -24*r + 41*r. Let l be 0 + 2 + 30/2. Suppose l = -r*a + 117. What is the tens digit of a?
2
Let w(k) = 89*k. Let o be w(-1). Let t = o + 45. What is the units digit of -2 - (t + 3/(-1))?
5
Let f = 11 - 8. Suppose 2*x - 16 = -2*g, f*x - g = 2*g. Suppose o - x = -o + 2*p, -2*p = -4. What is the units digit of o?
4
Suppose 2*m + 3*m = -t + 13, m - 2*t + 4 = 0. Suppose 3*g = -3*l + 7*g + 80, 3*g + 54 = m*l. Suppose f = -f + l. What is the tens digit of f?
1
Suppose -2*x = 2*v + x - 1689, -4*v + 3399 = -x. What is the units digit of v?
9
Let z(g) = 1029*g - 73. What is the thousands digit of z(6)?
6
Let b = 7 - 6. Let t = 64 + b. Suppose 2*x = -3*v + 65, 0*v - t = -3*x + 2*v. What is the units digit of x?
5
Let k = 226 - 164. Let s be (-2)/5*(1 + -6). Suppose 3*u - k = p, 5*u - 2*p = s*p + 94. What is the tens digit of u?
2
Let q(r) = -r**2 + 8*r - 9. Let y be q(6). Suppose -y*o = -z + 45 + 14, -z + 101 = -5*o. What is the tens digit of ((-12)/o)/((-14)/(-1421))?
5
Suppose -52 - 23 = 5*x. What is the units digit of x/10*(-460)/6?
5
Let l(b) = -b**2 + 19*b - 28. Let j be l(17). Let k(z) = -4*z + 4. Let v be k(j). Let n = 58 + v. What is the tens digit of n?
3
Suppose -20*o = -11*o - 11511. What is the units digit 